92 + 645. Let l be (-7)/(14/4) - -3. Suppose 2*z - 9 = -4*t - l, -5*t = -25. Calculate i(z).
7
Suppose 0 = 3*x - 5*z + 28, -22*x - 4*z = -20*x + 48. Let v(o) = 24*o + 391. Determine v(x).
7
Let g(b) = -9*b**2 - 3*b - 41. Let t(f) = 5*f**2 + 3*f + 22. Let p(v) = 4*g(v) + 7*t(v). Determine p(0).
-10
Let b(u) be the second derivative of u**5/5 + u**4/6 - u**3/3 + u**2 + 1610*u. Let g(c) = c + 10. Let a be g(-8). Give b(a).
38
Let h be (140/30)/(2/(-18)). Let c = 43 + h. Let p(x) = c + 1 + x - x - 3*x. Give p(4).
-10
Let u = 272 - 269. Let a(f) = -3*f - 35. Let z(l) = -2*l - 18. Let p(q) = u*a(q) - 5*z(q). What is p(8)?
-7
Let n(x) = -x**3 - 10*x**2 + 12*x + 21. Suppose 167 + 361 = -48*v. Calculate n(v).
10
Let u(t) = 17*t - 52. Let g(j) = 9*j - 28. Let z(m) = -11*g(m) + 6*u(m). Let i(h) = -11*h + 11. Let r(x) = 4*i(x) + 14*z(x). Give r(-5).
-2
Suppose 0 = 39*a - 32*a - 14. Let r(i) = -10 + 10*i + 0*i**a - 5*i**2 + 0*i**2 + 4*i**2. Calculate r(8).
6
Suppose 88*q + 5972 - 1924 = 0. Let t(v) = -2*v**2 - 91*v + 50. Calculate t(q).
4
Let j(t) = -7 + 2*t - 3*t + 2*t. Suppose 2*q - 106 + 96 = -w, 3*w - 29 = -5*q. Give j(w).
1
Let k(j) = -27*j**2 - 101*j + 505. Let v(p) = 44*p**2 + 169*p - 842. Let u(l) = 13*k(l) + 8*v(l). Calculate u(-43).
1
Let q(l) = -l**3 - l**2 + l + 2. Let v be q(0). Let p(c) be the third derivative of 2*c**2 - 245*c + 1/12*c**4 + 0 + 1/3*c**3. What is p(v)?
6
Suppose 1728 - 1722 = 3*y. Let q(m) = -11*m**y + 45*m**2 - 3*m + 7 - 19*m**2 - 3*m - 16*m**2. Give q(-6).
7
Let s(x) = 49*x**2 - 15*x + 100. Let b(o) = -106*o**2 + 28*o - 202. Let w(t) = 6*b(t) + 13*s(t). Calculate w(23).
-4
Let i(t) = -26*t**3 + 7*t**3 - 48 - 93 + 29*t + 10*t**3 + 10*t**3 - 5*t**2. Calculate i(5).
4
Let x(u) = 5*u + 6*u - 9*u + u**2 + 1 - 3*u. Let q(g) = 6*g**2 + 9. Let d(j) = q(j) - 5*x(j). Let t be d(-4). Let h(y) = -y**3 + 8. Calculate h(t).
8
Let f(n) = -304*n - 53*n + 96*n + 47*n + 22*n + 32*n**2. What is f(6)?
0
Let r(i) = -i**3 + 11*i**2 - 17*i - 8. Let j = 8407 - 8398. Determine r(j).
1
Let h(b) be the first derivative of -b**4/4 + 4*b**3/3 + 9*b**2/2 - 11*b + 2777. Determine h(6).
-29
Let v(w) = 9 - 135*w**3 - 10*w**2 + 4*w + 4*w + 133*w**3. Calculate v(-5).
-31
Suppose 0*s - 4*g - 20 = 3*s, -5*g = s + 25. Let l(t) = 5*t**3 - t**2 + t - 12. Let r(q) = -7*q**3 + 2*q**2 - q + 11. Let d(p) = 3*l(p) + 2*r(p). Give d(s).
-14
Let y(i) = 7*i**2 + 5*i + 2 + 4*i**3 - 3*i**3 + 7*i - 4*i. Let t = 45 - 42. Suppose -3*a - 24 = t*v, -18 = 4*a - 0*v - 3*v. What is y(a)?
-10
Suppose -55*v = -60*v + 15. Suppose c - 2*k + 0 + 3 = 0, -c - v*k + 12 = 0. Let o(y) = 5*y - 2. Calculate o(c).
13
Suppose -44*z + 12 = -40*z. Suppose -3*s = 0, 0 = -3*t - z*s - 2 - 4. Let m(b) = -6*b**3 - 3*b**2 - 3*b. What is m(t)?
42
Suppose -3 = -20*a + 37. Suppose 3*w = -3*s, -7*s + 4*w - 9 = -a*s. Let n(q) = 17*q**2 + 3*q + 2. What is n(s)?
16
Let r be (-12)/18 + -2 + (-1312)/(-6). Suppose -3*g + 234 - r = 0. Let c(j) = -3*j + 10. What is c(g)?
-8
Let i(g) = g**2 - 5*g + 2. Suppose 5*z = 3*a - 425, 5*z + 570 = 2*a + 2*a. Let x = -141 + a. Determine i(x).
-2
Let x be 3 + (-2)/(8 + 16/80*425/(-10)). Let w(n) = -n - 3. Let c be w(-5). Let v(r) = 3*r + r**2 - c*r - 4*r. Calculate v(x).
28
Suppose -x - 2*k = -98, -k = -2*x - 3*k + 188. Suppose 25 = 13*i + x. Let p(q) = q**3 + 5*q**2 - 2*q + 7. Give p(i).
17
Let o = 52 + -33. Let b(g) = -2*g**2 + 3*g**2 + 13 - 25 + o + 5*g. Determine b(-6).
13
Let j(q) = 0*q**2 + q**2 - 8 + 0*q**2 - 1. Let w be 94 + -123 - -25*1. What is j(w)?
7
Let c(w) = -w - 26. Let u(z) = -z. Let j(h) = -c(h) + 2*u(h). Give j(8).
18
Suppose -p - 3*g - 12 = 0, -7*p - 4*g - 26 = -4*p. Let f(h) = -h**3 + h**2 + 4. Let n be f(0). Let q(r) = r**3 - n*r - 1 + 2 - 7*r**2 - 2*r**3 - 2*r. Give q(p).
1
Let d(k) = 2*k**2 - 19*k - 172. Let b(o) = -o - 2. Let z(n) = -4*b(n) + d(n). Let m(a) be the first derivative of z(a). Give m(7).
13
Let n(f) be the second derivative of 13*f**5/20 + f**4/6 + f**3/3 + f**2/2 + 3729*f. Suppose -b - 1 + 0 = 0. What is n(b)?
-12
Let k be (-2 - 0)*(-17)/2. Let u(g) be the first derivative of g**3/3 - 9*g**2 + 21*g - 49410. Give u(k).
4
Let q(v) be the third derivative of v**6/120 + v**5/60 - v**4/12 + 1776*v**2. Suppose -9 = -3*m - 0*m. Let p = -5 + m. What is q(p)?
0
Let m(o) = 24*o**3 - 3*o**2 - 7*o - 17. Let x(d) = -24*d**3 + 4*d**2 + 8*d + 20. Let b(q) = 5*m(q) + 4*x(q). Give b(-1).
-25
Suppose -3*j + 2*h = 3*h + 148, 0 = -5*j - 5*h - 260. Let t be (-34)/187 - j/22. Let d(p) = 7*p - 5*p**2 + p**2 + 3*p**t. Calculate d(3).
12
Let q(m) = 3 + 1 - 92429*m**2 + 92433*m**2 - 4*m. Determine q(1).
4
Let a(m) be the third derivative of m**5/60 + 7*m**4/24 + 7*m**3/6 - 3*m**2. Let v(w) = -w**2 - 127*w - 731. Let n be v(-6). What is a(n)?
-3
Let f(b) = -2*b**3 - 10*b**2 + b + 9. Suppose 12*t - 793 + 853 = 0. Give f(t).
4
Let l be 2/7 - 32/14. Let a = -690 + 702. Let o(q) = 4 + 2 - 5 - 26*q + a*q + 15*q. Calculate o(l).
-1
Let i(m) = 4*m + 12. Let d = 4665 + -4671. What is i(d)?
-12
Let n(j) = j**3 - 7*j**2 - 8*j - 9. Let z(q) = 28*q - 28 + 31*q - 53*q. Let m be z(6). Give n(m).
-9
Let s = 4 - 1. Let m(v) = 8. Suppose -84*k = -94*k - 40. Let d(t) = -t - 6. Let r(h) = k*m(h) - 5*d(h). Calculate r(s).
13
Let t(r) = -7*r - 1. Let y(j) = 7*j + 150. Let l be y(-21). Suppose 5*a = -l*d + 6, 2*d - 5*a = d + 2. What is t(d)?
-15
Let x(n) = n**3 + 7*n**2 + 26*n - 1. Let q(p) = p**2 + 3*p. Let t(y) = -6*q(y) + x(y). Calculate t(0).
-1
Let t be (((-12)/15)/2)/((-54)/1080). Let q(n) = -n - 15. Determine q(t).
-23
Let h(t) = t**2 + t + 4. Let a(i) = i**2 + 5. Let s(p) = 3*a(p) - 4*h(p). Suppose 6*c = 2*c. Suppose c = 4*q - n + 13 - 2, -4*q - 2*n - 26 = 0. Give s(q).
-1
Let o(l) = 3*l + 1 - 2*l + 0. Suppose -k - 4*h + 687 = 0, -37 + 32 = h. Let f = -709 + k. What is o(f)?
-1
Let d(m) = 4*m**2 - 10*m - 115. Let u(t) = -t**2 - t + 25. Let w(z) = -d(z) - 5*u(z). Give w(-20).
90
Let y(x) = 3*x**3 + 13*x**2 - x - 24. Let l(z) = 29*z**3 - 28*z**2 + 50 + z + 25*z**3 + 23*z**3 - 109*z**3 + 25*z**3. Let a(v) = -2*l(v) - 5*y(v). Give a(-9).
-7
Let t(y) = 2*y - 7 - 5*y - 5*y. Let f(z) = z. Let w(x) = 3*f(x) + t(x). Let r(j) = 9*j + 13. Let v(q) = 4*r(q) + 7*w(q). Calculate v(-8).
-5
Let v(z) = 212*z + 1057. Let t be v(-5). Let o(q) = 3*q**2 + 5*q + 8. What is o(t)?
20
Suppose 0 = m + 3, 2*n + m + 2 + 7 = 0. Let v(b) be the third derivative of -b**4/8 + b**3/6 + 855*b**2. What is v(n)?
10
Let x(z) be the second derivative of -13*z**3/3 - 6*z**2 - 3196*z. Determine x(-3).
66
Let f(n) = 2*n**2 - 20*n - 12. Let l = 673 - 661. Calculate f(l).
36
Let w(u) be the third derivative of u**4/24 - 2*u**3/3 - 134*u**2. Let n = 2 + -3. Let z be (4/(-4) - 1)*n. Give w(z).
-2
Let w(y) = 11*y**2 + 34*y + 7. Let m(a) = 9*a**2 + 33*a + 7. Let d(v) = -4*m(v) + 3*w(v). Calculate d(-10).
-7
Let r(m) = 47*m**3 + 329*m**2 + 7*m + 45. Let o be r(-7). Let c(q) = 2*q + q**2 - q - 3 + 2. Give c(o).
11
Let k be (0/3)/(3 + -5). Let r(l) = l**2 + 8*l**2 - 12*l**2 + l - 10 + 3*l**2 - l**2. Give r(k).
-10
Let b(c) = 2*c**2 + 46*c - 89. Let w be b(13). Let k(g) = -13 - 838*g + 1689*g - w*g. Calculate k(8).
19
Let w(p) = -5*p**3 + 27*p**2 - 39*p - 45. Let b(o) = 1414*o**2 - 1396*o**2 + 7 - 26*o - 37 - 3*o**3. Let m(t) = 8*b(t) - 5*w(t). Give m(-10).
15
Let k(p) be the second derivative of -1/12*p**4 + 0 + 92*p + 1/2*p**2 - 7/6*p**3. What is k(-7)?
1
Let c(h) = h**2 + 19 - 20*h - 20*h + 15*h + 16*h. What is c(7)?
5
Let c(a) = -9*a**3 - 34*a**2 - 26*a + 61. Let s(p) = 16*p**3 + 67*p**2 + 52*p - 124. Let k(j) = 7*c(j) + 4*s(j). What is k(-29)?
18
Let z(o) = -o**3 - 16*o**2 - 41*o + 112. Let i be z(-6). Let n(h) = 10*h - 7. What is n(i)?
-27
Let c be (-406)/(-21) + 6/9. Let n be (-8)/c - (-3 + 141/(-15)). Let f(z) = 6 + n - 3 + z - 6. Give f(-5).
4
Let m(y) = -8*y + y + 5 + 21 - 5*y - 3*y. Let f(d) = -4*d + 7. Let z(j) = 22*f(j) - 6*m(j). Determine z(7).
12
Suppose 0 = 4*u - 16*b + 18*b - 46, 2*u - 53 = 5*b. Let g(t) = u*t + 11*t + 16*t - 42*t. Determine g(-4).
4
Let z(h) be the third derivative of 23*h**4/12 + 13*h**3/2 + 80*h**2 - 2*h + 16. What is z(-1)?
-7
Let o be 0 - (0 - 4 - -2). Let n(w) = -4*w + w**3 + 8 + 4*w - 6*w**o. Let z = 9220 + -9214. Give n(z).
8
Let k(v) = 2*v**2 - 25*v + 20. Let y = 18381 + -18370. Giv